e the prime factors of 2796263860?
2, 5, 13, 31, 26687
What are the prime factors of 34207766?
2, 1907, 8969
What are the prime factors of 1264447905?
3, 5, 7, 1523, 7907
What are the prime factors of 17287350?
2, 3, 5, 115249
List the prime factors of 1171533748.
2, 7, 11, 543383
List the prime factors of 2734578089.
53, 61, 845833
What are the prime factors of 324310606?
2, 162155303
What are the prime factors of 117751154?
2, 241, 244297
What are the prime factors of 21277224?
2, 3, 295517
What are the prime factors of 111093406?
2, 53, 1048051
List the prime factors of 1141497604.
2, 13, 881, 24917
List the prime factors of 139347003.
3, 46449001
What are the prime factors of 870282679?
7, 307, 57853
List the prime factors of 80542064.
2, 19, 307, 863
List the prime factors of 721485118.
2, 41, 149, 59051
List the prime factors of 80849663.
41, 131, 15053
List the prime factors of 42280854.
2, 3, 7, 11, 23, 173
What are the prime factors of 1060734742?
2, 547, 969593
List the prime factors of 14753752.
2, 13, 141863
List the prime factors of 6017473665.
3, 5, 7, 129953
What are the prime factors of 1069010161?
1069010161
What are the prime factors of 1245546375?
3, 5, 29, 53, 2161
List the prime factors of 308709738.
2, 3, 5716847
What are the prime factors of 40773022?
2, 20386511
List the prime factors of 215545458.
2, 3, 29, 1238767
List the prime factors of 193347455.
5, 7, 5524213
List the prime factors of 71823802.
2, 23, 47, 139, 239
What are the prime factors of 928323274?
2, 167, 2779411
What are the prime factors of 62984738?
2, 31492369
What are the prime factors of 90818309?
19, 53, 90187
List the prime factors of 2029940339.
7, 67, 71, 60961
What are the prime factors of 29525640?
2, 3, 5, 31, 7937
What are the prime factors of 1040519707?
113, 269, 34231
What are the prime factors of 189160689?
3, 89, 227, 3121
What are the prime factors of 39396186?
2, 3, 729559
List the prime factors of 16402240.
2, 5, 51257
What are the prime factors of 1515119534?
2, 43, 199, 223, 397
List the prime factors of 159143293.
1181, 134753
List the prime factors of 135841444.
2, 1213, 27997
What are the prime factors of 154771521?
3, 29, 1778983
List the prime factors of 30447031.
30447031
List the prime factors of 21867563.
859, 25457
List the prime factors of 129554604.
2, 3, 3598739
What are the prime factors of 4334009405?
5, 11, 31, 2541941
What are the prime factors of 32471332?
2, 97, 83689
List the prime factors of 75849539.
19, 3992081
List the prime factors of 2788981616.
2, 131, 1330621
What are the prime factors of 66777395?
5, 23, 580673
What are the prime factors of 5856046959?
3, 7, 5231, 53309
List the prime factors of 115591915.
5, 19, 41, 59, 503
What are the prime factors of 6913882?
2, 3456941
List the prime factors of 7513509404.
2, 307, 6118493
What are the prime factors of 150995007?
3, 113, 148471
What are the prime factors of 340277057?
340277057
List the prime factors of 1592810901.
3, 11, 271, 59369
List the prime factors of 50338171.
13, 29, 10271
List the prime factors of 478064117.
478064117
What are the prime factors of 1150440114?
2, 3, 61, 1489, 2111
What are the prime factors of 68447617?
7, 9778231
List the prime factors of 155785989.
3, 51928663
List the prime factors of 132647958.
2, 3, 7369331
What are the prime factors of 66431086?
2, 103, 389, 829
List the prime factors of 1699669727.
7, 242809961
List the prime factors of 371704658.
2, 13, 29, 599, 823
List the prime factors of 482944640.
2, 5, 73, 10337
List the prime factors of 876429770.
2, 5, 1289, 67993
What are the prime factors of 86203453?
7, 457, 26947
What are the prime factors of 4828678542?
2, 3, 181, 271, 1823
What are the prime factors of 633282942?
2, 3, 31, 3404747
List the prime factors of 47238031.
127, 431, 863
What are the prime factors of 15634062?
2, 3, 868559
What are the prime factors of 1772668352?
2, 7, 13, 304373
List the prime factors of 182031065.
5, 149, 163, 1499
What are the prime factors of 1880605853?
7, 268657979
What are the prime factors of 2309992631?
317, 7287043
What are the prime factors of 27603199?
13, 101, 21023
List the prime factors of 296384257.
13, 1753753
List the prime factors of 310772366.
2, 23, 47, 143743
List the prime factors of 2478532065.
3, 5, 199, 830329
List the prime factors of 112388485.
5, 11, 29, 31, 2273
What are the prime factors of 155250353?
47, 3303199
List the prime factors of 78972906.
2, 3, 13162151
List the prime factors of 6885305.
5, 7, 127, 1549
What are the prime factors of 167167852?
2, 19, 2199577
List the prime factors of 1166639850.
2, 3, 5, 1279, 2027
What are the prime factors of 724832823?
3, 11, 13, 53, 71, 449
List the prime factors of 4831342713.
3, 397, 450727
What are the prime factors of 39461843?
79, 6323
What are the prime factors of 2345101?
11, 19381
List the prime factors of 33351051.
3, 677, 16421
What are the prime factors of 61977425?
5, 389, 6373
List the prime factors of 112489946.
2, 56244973
List the prime factors of 8792402779.
19, 462758041
List the prime factors of 3799948063.
37, 8171, 12569
What are the prime factors of 1895814153?
3, 463, 50551
List the prime factors of 2930128498.
2, 11, 12107969
List the prime factors of 66062707.
239, 263, 1051
What are the prime factors of 15599824?
2, 974989
What are the prime factors of 386181083?
107, 461, 7829
List the prime factors of 7693377.
3, 2564459
What are the prime factors of 51339469?
51339469
List the prime factors of 3553025682.
2, 3, 443, 1336729
What are the prime factors of 149661317?
13, 67, 171827
What are the prime factors of 1464417433?
1464417433
List the prime factors of 57781673.
57781673
What are the prime factors of 666827668?
2, 13, 12823609
List the prime factors of 3295513982.
2, 7717, 213523
List the prime factors of 823923477.
3, 13, 7042081
What are the prime factors of 17718037?
149, 118913
List the prime factors of 4087466.
2, 53, 38561
List the prime factors of 5057078597.
43, 1699, 69221
What are the prime factors of 850574119?
79, 1747, 6163
What are the prime factors of 3957823978?
2, 1277, 1549657
List the prime factors of 894397220.
2, 5, 44719861
List the prime factors of 1206049749.
3, 402016583
List the prime factors of 76162396.
2, 191, 99689
What are the prime factors of 3865560557?
4457, 867301
List the prime factors of 12399107.
7, 37, 977
List the prime factors of 1067953066.
2, 23, 67, 419, 827
What are the prime factors of 105771840?
2, 3, 5, 239, 461
What are the prime factors of 17482638?
2, 3, 2913773
What are the prime factors of 62569631?
373, 167747
What are the prime factors of 88446109?
23, 79, 48677
What are the prime factors of 6011543?
19, 41, 7717
List the prime factors of 233835239.
11, 21257749
What are the prime factors of 30094938?
2, 3, 1671941
What are the prime factors of 33135049?
59, 79, 7109
What are the prime factors of 3260122330?
2, 5, 73, 131, 467
List the prime factors of 139090315.
5, 7, 13, 23, 13291
What are the prime factors of 364648358?
2, 79, 857, 2693
What are the prime factors of 251500583?
251500583
List the prime factors of 3086173253.
43, 71771471
What are the prime factors of 8262518?
2, 11, 375569
What are the prime factors of 112449408?
2, 3, 292837
List the prime factors of 16782934.
2, 7, 131, 9151
What are the prime factors of 270371588?
2, 67592897
List the prime factors of 101682836.
2, 103, 246803
List the prime factors of 260991718.
2, 13, 17, 23, 25673
What are the prime factors of 233815305?
3, 5, 829, 18803
What are the prime factors of 219480899?
11, 31, 643639
What are the prime factors of 2263230?
2, 3, 5, 25147
What are the prime factors of 309495811?
43, 1069, 6733
What are the prime factors of 558193515?
3, 5, 11, 3382991
List the prime factors of 340418502.
2, 3, 31, 103, 5923
What are the prime factors of 7748607334?
2, 13, 298023359
What are the prime factors of 450900394?
2, 7, 31, 1038941
What are the prime factors of 83949887?
7, 101, 16963
List the prime factors of 2260821357.
3, 251202373
List the prime factors of 368515955.
5, 47, 1568153
List the prime factors of 47179110.
2, 3, 5, 11, 41, 317
What are the prime factors of 106253760?
2, 3, 5, 110681
What are the prime factors of 141697373